mon factor of k and 56?
8
Let j(o) = 14*o**2 + 2*o - 3. Let h be j(1). What is the greatest common divisor of h and 39?
13
Suppose n = -1, 5*h - 3*h + 5*n = 15. Let o be 89/3 + (-2)/(-6). What is the highest common divisor of o and h?
10
Let v(n) = -n**3 + 10*n**2 + 11*n + 2. Let b be v(11). Suppose b*d = -d + 99. Suppose -d = -u + 27. What is the highest common factor of 24 and u?
12
Let g(q) = 4*q - 4. Let w be g(3). Suppose w - 197 = -3*p. Let r be (-2)/8 + 425/20. What is the highest common factor of r and p?
21
Let m(x) = -3*x + 54. Let h be m(16). What is the highest common factor of h and 102?
6
Suppose 0 = 53*c - 52*c - 18. Let u be 2 - -25*(1 - 0). What is the highest common divisor of u and c?
9
Let y = 24 + 1. What is the highest common divisor of y and 175?
25
Suppose -2*t - 72 = -b, t - 130 - 34 = -2*b. What is the highest common factor of 32 and b?
16
Let n(m) = -3*m - 1. Let g be n(-9). What is the greatest common factor of 26 and g?
26
Let m = -1 + 4. Let u(c) = c**2 - 4*c + 6. Let z be u(4). Suppose 2*q - 5 = -v, -3*q - m = -z*q. What is the highest common factor of v and 33?
3
Suppose 4*f + 0*p - 2 = -3*p, -14 = -2*f + 5*p. Suppose -f*s = s, 5*k - 45 = 3*s. Calculate the highest common factor of k and 9.
9
Suppose 70 + 122 = 4*j. Suppose 0*g - 4*g = -j. What is the highest common divisor of g and 48?
12
Let z be (-1720)/(-25) - 1/(-5). What is the highest common factor of 46 and z?
23
Let a(z) be the second derivative of 0 + 5/6*z**3 + 1/6*z**4 + 2*z**2 - 2*z. Let j be a(-4). What is the highest common divisor of 2 and j?
2
Let k be (-2)/(-11) + 2220/(-110). Let j = k + 55. Calculate the greatest common factor of j and 14.
7
Let q = -60 + 120. Let f be ((-7)/14)/((-2)/q). What is the highest common divisor of 10 and f?
5
Let f = -21 - -36. Suppose 5*i - f = -5*u, 5*i - 7 = 8. Suppose -2*p + u*p - 82 = -4*n, -2*p = 2*n - 38. What is the highest common divisor of n and 30?
10
Suppose 0*d - 5 = d, 4*v = 4*d - 16. Let b = v - -21. Calculate the greatest common factor of b and 24.
12
Suppose -3*o + 0*o = -138. Suppose 0 = 5*z - o + 16. Suppose -5*x = -5*f - 15, -3*f + 9 = 5*x - 14. Calculate the greatest common divisor of z and f.
1
Suppose -3*r = 4*t - 22, 19 = -0*r + r - t. Calculate the highest common factor of r and 2.
2
Suppose 0 = -3*n - 2*l + 249, 3*l + 72 = -0*n + n. What is the highest common divisor of n and 27?
27
Suppose -4*d + 3 = -5. Suppose d*x = -l - 4, -4*l + 3*x + 49 = -2*x. What is the highest common factor of 15 and l?
3
Let r = -59 - -107. Calculate the highest common factor of r and 6.
6
Let q = -2 - 4. Let j(k) = -3*k - 6. Let z be j(q). Let n be (-109 - (-2 + 1))/(-1). Calculate the highest common factor of n and z.
12
Let l(v) = -4*v - 3. Let j be l(-2). Suppose -j = -g + 30. Suppose -4*b + 19 + 1 = 0. What is the highest common divisor of b and g?
5
Suppose 519 = 6*b - 501. What is the greatest common divisor of b and 34?
34
Let k = -1 + 11. Let f be 292/10 - (-1)/(-5). Let a = f - 19. What is the highest common divisor of a and k?
10
Let y(t) = 8*t - 1. Let w be ((-1)/3)/(6/(-36)). Let g be y(w). What is the greatest common divisor of g and 15?
15
Let y be (5360/(-67))/((0 + 1)/(-1)). What is the highest common divisor of y and 120?
40
Let s(y) = 2*y**2 - 8*y + 6. Let u be s(5). What is the greatest common factor of u and 4?
4
Let x = -28 - -41. Let l be 15/25 - (-34)/10. Suppose -y = -5*n - 46, 4*y + l*n - 88 = -0. Calculate the highest common divisor of y and x.
13
Let j(a) = -a**3 - 9*a**2 + a + 7. Let b be j(-9). Let n = b + 4. Suppose 36 + 24 = n*h. What is the highest common divisor of 6 and h?
6
Let v be ((-75)/30)/((-1)/4). Calculate the greatest common factor of v and 110.
10
Let b = 1 + -1. Let m(g) = g**3 - 4*g**2 + g + 2. Let h be m(3). Let v = b - h. What is the highest common divisor of v and 36?
4
Let l(d) = d**3 - 10*d**2 + 2*d + 22. Let n be l(10). Calculate the greatest common factor of n and 14.
14
Let c(z) = 24*z + 15. Let o be c(8). What is the greatest common divisor of 23 and o?
23
Let c(a) = -5*a - 8. Let t be c(-4). Suppose 0 = z + t - 20. Calculate the greatest common divisor of 88 and z.
8
Let y be 2*(-5)/(-20)*-8. Let j be -1*(-2)/((-4)/10). Let k = y - j. Calculate the greatest common divisor of 5 and k.
1
Suppose 0*w - 3*w + 585 = 0. Let k = -136 + w. Suppose -b = 5*v - 29, 4*b + 4*v - k = 41. Calculate the highest common factor of 4 and b.
4
Suppose -3*j + 25 = 2*j. Suppose -576 = v - j*v. What is the highest common divisor of 18 and v?
18
Suppose q + 3*t - 25 = 14, -4*t = 4*q - 172. Calculate the highest common divisor of q and 18.
9
Let h = -1 + 0. Let q(v) = -75*v**3 + v**2 - 1. Let o be q(h). Calculate the greatest common divisor of o and 30.
15
Let l be 3/(-2) + -3 + 50/4. What is the highest common factor of l and 120?
8
Let f(u) = 5*u**3 + u**2 + u + 1. Let n be f(-1). Let r = 2 - n. Let i be 33/9 + (-4)/6. What is the greatest common factor of r and i?
3
Suppose 10*w - 15 - 125 = 0. What is the greatest common factor of 14 and w?
14
Let t(p) = 4*p - 29. Let m be t(11). Calculate the greatest common divisor of m and 3.
3
Let t be (6/(-2))/((-3)/40). Calculate the highest common factor of t and 10.
10
Suppose 7 + 5 = 2*r. Let v(h) = -h**3 - 4*h**2 - h - 1. Let p be 10/(-3) - 6/9. Let o be v(p). What is the highest common divisor of o and r?
3
Let s be (28/(-6))/(18/(-27)). Calculate the greatest common divisor of s and 49.
7
Suppose -5*a + 10*a - 50 = 0. Calculate the highest common divisor of a and 190.
10
Let d be (-4 - -6)/(2/8). Suppose 4*w = d, -f - w - 16 = -3*f. Let k = f - 5. Calculate the highest common divisor of k and 4.
4
Let b = -16 - -27. Let v be (-42)/56 + (-355)/(-4). Calculate the highest common divisor of v and b.
11
Suppose -2*k = 5 - 9. Suppose u - 2*a + 53 = 0, -k*u - 188 = 2*u + 4*a. Let x be 107/7 - (-14)/u. What is the greatest common divisor of 15 and x?
15
Let k(m) = -m**3 + m**2 + 2*m + 2. Let r be k(-3). Suppose -5*d + r = q - 0*q, 0 = 5*q - 5*d - 40. What is the highest common factor of 6 and q?
6
Suppose -833 = -8*y - 73. Calculate the greatest common divisor of y and 19.
19
Suppose -34 = -n - 4*n + 4*z, z - 54 = -5*n. Let x be (8/n)/((-4)/(-10)). Let u be 1 + (14/x - -1). What is the highest common factor of 36 and u?
9
Let f be (6/5)/((-4)/(-10)). Suppose d = 3*d - f*q - 23, -3*q - 27 = -3*d. What is the greatest common divisor of 1 and d?
1
Let g be 1444/16 + 4/(-16). What is the greatest common divisor of g and 10?
10
Suppose 4*x - 31 = 3*n, -11 = -x - 0*x + 4*n. What is the greatest common divisor of 35 and x?
7
Suppose -12*q + 126 = -9*q. What is the greatest common divisor of 105 and q?
21
Suppose u = -4*u - 90. Let r = 44 + u. What is the highest common factor of 13 and r?
13
Let m(f) = -2*f + 37. Let x be m(18). What is the greatest common divisor of 1 and x?
1
Let g be 10 + 141 - (-3)/(0 + 1). What is the highest common divisor of 22 and g?
22
Let h(s) = -s**3 - 5*s**2 + 8*s - 31. Let g be h(-7). What is the greatest common divisor of g and 44?
11
Suppose -3*b + 0*b = -15. Let m = -3 + b. Let y be (m + -4 - -3) + 41. Calculate the greatest common factor of y and 6.
6
Let j = 10 - 5. Let m(w) = w**2 - 4*w - 3. Let d be m(5). Let z be (d + -3 - -27) + -1. What is the greatest common factor of z and j?
5
Suppose -3*d = 3*l - 21, -2*l = -3*d - 4*l + 23. Let c = d - 1. Calculate the highest common divisor of c and 1.
1
Suppose 80 = 2*t + h, -180 = -4*t + 2*h + h. What is the greatest common divisor of 14 and t?
14
Let f be (-2 - 2) + 4*19. Suppose -6*a + 16 = -2*a. Suppose 5*s = -5*y + 25, -2*s + y = -a - 15. What is the highest common factor of f and s?
8
Suppose -7*d + 119 = -6*d. Calculate the greatest common factor of d and 34.
17
Suppose 104 = x - 3*w, -x + 0*x + 101 = -2*w. What is the greatest common factor of x and 19?
19
Suppose 0 = -u - 5*u + 168. Calculate the greatest common divisor of 21 and u.
7
Let j = 75 - 15. Let o be (j/(-36))/(2/(-6)). What is the greatest common factor of o and 50?
5
Let a be 4 + 1 - (5 - 3). Suppose 2*b - 5*s + 6 = -s, b = 4*s - 7. Let l = b + a. Calculate the highest common divisor of l and 44.
4
Let x(b) = b**3 + 11*b**2 + 8*b - 18. Let y be x(-10). What is the greatest common divisor of 